 What is h(2)?
3
Suppose t + 3*o = -2*t + 6, 4*o = -5*t + 11. Let c(p) be the first derivative of -t + 3/2*p**2 + 0*p. What is c(-2)?
-6
Let j(v) = v**2 + 7*v + 5. Suppose 7*x - 11 = 3. Let u be (x/3)/(4/(-30)). Calculate j(u).
-5
Let a(s) = -476*s + 935*s + 3 - 454*s - 2*s**2 - 2*s**2 + 0 - s**3. Suppose -9 = 2*k + 1. Give a(k).
3
Let i(v) = v**2 - 4*v + 1. Let s = -25 + 31. Suppose -30 = -s*w + w. Calculate i(w).
13
Suppose 0 = 4*j + 10 + 30. Let t(m) = -m - 11. Determine t(j).
-1
Suppose -9*m = 4*f - 11*m - 24, -4*f + 4*m = -28. Let l(w) be the second derivative of -5*w**3/6 + w**2 - 4*w. Calculate l(f).
-23
Let x(b) be the third derivative of -b**4/24 - 11*b**3/3 - 2*b**2 - 28. Determine x(-11).
-11
Let v(i) = i**2 - 4*i + 5. Suppose 0 = t - 3, 0 = 4*u - 8*t + 6*t + 34. Let g be (-4)/14 + (-58)/u + -4. Calculate v(g).
5
Suppose 10 = -a + 6*a. Let q(z) = -z**3 - 6*z**2 + 9*z + 17. Let p be q(-7). Let j(d) = -6*d + a - 7*d**2 - 4 - 2 - d**p. Calculate j(-6).
-4
Let s(r) = -2*r**2 + 6*r - 8. Let c(g) = 2*g**2 - 8*g + 9. Let v(h) = 3*c(h) + 4*s(h). Calculate v(3).
-23
Let z(v) = v + 27. Let a(p) = 9. Let k be (8/3)/(10/15). Suppose 5 = 4*w - 3, -3*c - k = -5*w. Let o(i) = c*z(i) - 7*a(i). Calculate o(6).
3
Let p be (-5)/(-1) + 0/(-10). Let l(a) = 3 - 415*a + 414*a - p. Give l(-2).
0
Let n(b) = 3*b**2 + 2*b + 15. Let h(k) = -2*k**2 - 2*k - 10. Let i(z) = 8*h(z) + 5*n(z). What is i(-6)?
-5
Let k(m) = -6*m**3 + m**2 - m + 1. Suppose -36 = -5*g + 2*c, -5*c + 9 = 24. Let u = g - 5. Calculate k(u).
-5
Let k(h) be the third derivative of -h**6/120 - h**5/10 - 5*h**4/24 - h**3/3 + h**2. Let u(w) = -w**2 + 5*w + 409. Let d be u(-18). What is k(d)?
-2
Let v = 57 - 36. Let n(o) = -24*o**2 + v*o**2 + o**3 - 11 + 2*o + 11. Determine n(3).
6
Let v(b) = b**2 - 7*b + 4. Suppose -21*f + 303 = 156. Determine v(f).
4
Let z = -8 - -11. Suppose 5*a + z = 2*a. Let q(k) be the second derivative of k**4/12 + k**3/6 - k**2/2 - 125*k + 1. Determine q(a).
-1
Let w(q) be the third derivative of q**6/40 - q**5/20 - q**4/6 - q**3/2 - 615*q**2. Give w(-2).
-31
Let q(p) = p**3 + 11*p**2 + 26*p - 12. Let k be q(-5). Let j(c) = -c**2 + 10*c - 11. Determine j(k).
5
Let u(m) = 7*m - 1. Let s(r) = 22*r - 4. Let y(f) = -4*s(f) + 14*u(f). Let c(d) = d**2 - 7*d - 6. Let j be c(8). Determine y(j).
22
Suppose 5*b - 29 = -4*k + 2*k, 5*k - b - 5 = 0. Let d(f) = -3*f + 1. Calculate d(k).
-5
Let j(l) be the second derivative of l**5/20 - 5*l**4/12 - 13*l**3/6 - 2*l**2 + 17*l + 1. Determine j(7).
3
Let x(i) = -i**2 - 6*i + 3. Suppose -2 - 2 = -4*s. Let f = -8 + s. Calculate x(f).
-4
Let b(r) = 4*r. Suppose 5*l - g - 12 = -124, -4*g + 103 = -5*l. Let z be (1*-4)/((-6)/33). Let h = l + z. What is b(h)?
-4
Let w(z) = 4*z - 4*z + 2*z. Suppose -54*g = -11*g - 86. What is w(g)?
4
Let w(y) = 2*y**3 - 3*y**2 - 4*y + 4. Let k be (-7 - -12)*(-15)/(-25). What is w(k)?
19
Let h(f) = 2*f**2 + 3*f. Let k be 1/((-2)/(-4*2)). Suppose -k*o + 0*o = -120. Let a be -3*(o/9)/5. Calculate h(a).
2
Let i(l) = -1. Let c(m) = -3 - 7 + 6 - 1 - m. Let a(z) = c(z) - 2*i(z). What is a(3)?
-6
Let l be (7 + 3)/((-2)/(-1)). Let y(g) = -3*g + 5. Let x(p) = -8*p + 6. Let n(j) = -j - 1. Let c(m) = 3*n(m) - x(m). Let s(q) = 4*c(q) + 7*y(q). Give s(l).
-6
Let l(n) be the first derivative of -n**3/3 + 5*n**2/2 - 11*n - 409. Give l(6).
-17
Let s(o) = -o**2 + 9*o - 12. Suppose -25*n + 46 = -79. Calculate s(n).
8
Let v(m) be the first derivative of m**2/2 + 6*m - 68. Determine v(-11).
-5
Suppose 20 = 4*q + 5*f, 31*q - 32*q + 5 = -f. Let c(y) = -2*y - y**2 + 6 + 3*y + 4*y + 0*y**2. Calculate c(q).
6
Let z(u) = u**3 + 11*u**2 + 11*u + 4. Let j(m) be the third derivative of m**6/120 + m**5/30 - m**4/12 - 7*m**3/6 - 18*m**2. Let a be j(-3). What is z(a)?
-6
Let m(w) be the first derivative of -3*w**4/4 - 4*w**3/3 - w**2 - 2*w + 29. Calculate m(-3).
49
Let b(t) = -3*t**2 + 17. Let m(d) = d**2 - 1. Let p(n) = b(n) + 4*m(n). Let c(w) = 2*w**2 + 27. Let h(y) = -2*c(y) + 5*p(y). Determine h(0).
11
Let x(z) = -z**3 - z**2 - z + 7. Let l = 72 - 75. Let y be l + 4 + (-3)/3. Determine x(y).
7
Let u(b) = b + 8. Suppose -l + 0*x = -5*x - 8, 5*l - 5*x - 20 = 0. Let k(o) = o**3 - o**2 - 4*o. Let w be k(l). Determine u(w).
14
Let p(z) = -z - 10. Let o = 11 + -19. Give p(o).
-2
Let n(q) be the first derivative of -q**4/4 - 4*q**3/3 + 4*q**2 - 20*q + 29. Determine n(-6).
4
Let w(x) be the first derivative of x**4/4 - 5*x**3 + x**2 - 18*x - 52. What is w(15)?
12
Let r be ((-3)/(-9))/(2/36). Let v(i) = -5*i - r*i + 7*i + 3*i - 1. Calculate v(-5).
4
Suppose v + 75*w - 73*w = 16, 2*v + w - 17 = 0. Let n(g) = 1 + 2 + 0 - g**2 + 8*g. Determine n(v).
15
Let i(m) be the second derivative of -m**5/4 - m**3/6 + 5*m. Let s(l) = -l**2 - 5*l + 3. Let p be s(-5). Suppose -p*d - 5 = 2*d. Determine i(d).
6
Let p(o) = -4*o + 3*o + 6*o + 2*o. Let d = -6 + 5. What is p(d)?
-7
Let o(j) = -4*j + 1. Let b = 4 - 2. Suppose -4*m + b*t - 3*t + 11 = 0, -4 = -m + t. What is o(m)?
-11
Let j be ((-6)/10)/((-7)/875). Suppose 3*n + 12*n = -j. Let p(y) = y**3 + 4*y**2 - 8*y - 3. Determine p(n).
12
Let z(t) = -t - 11. Let x be z(-10). Let v(f) be the second derivative of f**4/6 - f**2/2 - 4*f. Determine v(x).
1
Let q(p) = p**2 - 6*p - 3. Suppose -9*s - 14 = -11*s. What is q(s)?
4
Let y be (4/6)/((-8)/(-12)). Let c(k) = 5*k - 21. Let o be c(7). Let b(m) = -4*m - o*m + 4 - 3. Give b(y).
-17
Let d(a) = -23*a + 4. Let h(k) = -8*k + 1. Let z(o) = -6*d(o) + 17*h(o). Let j = -14 + 21. Calculate z(j).
7
Let m(p) be the first derivative of 4/3*p**3 + 6 + 1/4*p**4 - 3*p**2 + 5*p. Calculate m(-5).
10
Let k(p) = -8*p. Let s(r) = 19*r - 12. Let c(u) = 3*k(u) + s(u). Let v be 2*(2/4)/1. Let f(b) = -b. Let i(q) = v*c(q) - 4*f(q). Determine i(-6).
-6
Let n(h) = h**2 + 7*h - 2. Suppose -9*g = 20 + 34. Calculate n(g).
-8
Let n(x) = -x**3 + 2*x**2 + 7*x - 5. Suppose -3*k = -5*q + 11, -4*q + 2*k - 7*k + 31 = 0. Give n(q).
-9
Let g(q) = -q**2 + 5*q - 3. Let d = -92 - -51. Let c = 43 + d. Calculate g(c).
3
Let x(s) = s**2 + 14*s - 12. Let k be (-3 - -1)*(-63)/(90/(-10)). Calculate x(k).
-12
Let x(o) be the first derivative of -o**4/4 - 4*o**3/3 + o**2/2 + o - 1. Let k(u) = u**3 - 6*u**2 + 7*u. Let t be k(4). Determine x(t).
-3
Let h(j) = -j + 10. Let l = 22 - 14. Let t = 1 + l. Let q = -4 + t. Calculate h(q).
5
Let x be -3*(-8)/(-18) + 56/(-12). Let l(b) = 2*b + 18. Give l(x).
6
Let j(a) = a**3 - 3*a**2 - 4*a + 1. Let i be j(4). Let s(r) be the second derivative of r**4/6 - r**3/6 + r**2/2 + 42*r. Give s(i).
2
Suppose -4*z = 27 - 31 + 24. Let w(j) be the second derivative of j**4/12 + 7*j**3/6 - 3*j**2 - j. Give w(z).
-16
Let h(g) = g + 3. Let i be (46/2)/(11/(-33)). Let m = i + 62. Calculate h(m).
-4
Suppose -31 = 2*x - 35. Suppose -3*o - 3*h + 3 = 0, x*o - 22 = -4*h + 7*h. Let d(t) = 2*t + t**2 - 5*t - 7 - t. What is d(o)?
-2
Let n(q) = -2*q + 6. Suppose 280 - 82 = 22*r. Determine n(r).
-12
Let y(i) = i**3 + 7*i**2 - 8*i + 6. Suppose 4*j + 57 = -5*r, -9 = -2*j + 19*r - 14*r. What is y(j)?
6
Let s(l) = -5 + 0*l - 6*l + 2 - l**2 + 2. Suppose -4*u = -6 - 14. Suppose u*p - 3*p = -10. Determine s(p).
4
Let k(b) = -3*b**3 + 5*b**2 + 3*b + 1. Let p(g) = 4*g**3 - 5*g**2 - 5*g - 1. Let a(o) = 3*k(o) + 2*p(o). Determine a(5).
-4
Let m(c) be the first derivative of 7/3*c**3 + 0*c + 6 - 1/360*c**6 + 1/20*c**5 + 11/24*c**4 + 0*c**2. Let h(p) be the third derivative of m(p). Determine h(8).
-5
Let i(n) = 7*n - 7*n**2 + 15*n**3 - n + 0 - 14*n**3 - 3 + 4. Determine i(6).
1
Let f(v) = -v**3 - 4*v**2 + 2*v + 2. Let p(z) = 4*z**3 + z**2 - 2*z + 3. Let l be p(1). Suppose 2*r = -l*r - 32. Calculate f(r).
-6
Let w(f) = 1974*f - 1978*f + 3 + 0. Calculate w(-2).
11
Let q(g) = -g**3 + 9*g**2 + 8*g. Let y(a) = -16*a - 86. Let p be y(-6). Calculate q(p).
-20
Suppose 0 = 3*q + 5*t + 4, -8*t = -5*q - 3*t + 20. Let l(s) = 2*s**q + 2*s - 5*s - s**3 - 2 + 1 - 7*s**2. Give l(-4).
-5
Let q(v) = -v**2 - 7*v - 5. Let j(d) = -3*d + 2 - 1 - 2 + 2. Let t be j(2). Determine q(t).
5
Let g(n) = -n - 3. Suppose 2*h + 11*j = 15*j - 10, -j + 10 = -3*h. Determine g(h).
0
Let x(g) = -g**2 + 4*g + 1. Let j(c) = -c**3 + 6*c**2 - 3*c - 7. Let o be j(5). Suppose -4*b + 60 = -4*q + b, 2*q = o*b - 28. Let u = -16 - q. Calculate x(u).
1
Let o(c) = c 